{"id":43,"date":"2014-02-15T03:12:03","date_gmt":"2014-02-15T01:12:03","guid":{"rendered":"http:\/\/schenkenburg.de\/?page_id=43"},"modified":"2020-06-15T12:31:59","modified_gmt":"2020-06-15T10:31:59","slug":"stiftsschild","status":"publish","type":"page","link":"https:\/\/schenkenburg.de\/index.php\/geschlechter\/stiftsschild\/","title":{"rendered":"Stiftsschild"},"content":{"rendered":"<p style=\"text-align: center;\"><b><i><img loading=\"lazy\" decoding=\"async\" class=\"aligncenter size-medium wp-image-105\" src=\"https:\/\/schenk.wepro.net\/wp-content\/uploads\/2020\/06\/a_Stifts01-295x300.gif\" alt=\"\" width=\"295\" height=\"300\" \/>Stiftsschild des Schutzvogtes<br \/>\nUlrich Sewald von der Schenkenburg (gest. 1451), <\/i><\/b><\/p>\n<p>Gepre\u00dfter Goldgrund auf Holz, DM 200 cm. Umschrift in gotischer Minuskel:<\/p>\n<p>Do man zalt von Xpi geburt m CCCC LI Jar hat lassen machen vogt ulrich sewald zer schenkenburg.<\/p>\n<p>Runder Schild, au\u00dfen einfache Kehle und Schnurleiste, Schrift und Mittelfeld des Schildes haben gemusterten und gepre\u00dften Goldgrund, darauf der in hohem Relief geschnitzte Wappenschild.<br \/>\nDie abgebildete Fassung entstand um 1890. Der Schild ist ein Werk des oberschw\u00e4bischen Einflusses im oberen Vinschgau.<\/p>\n<p>Heute existiert nur noch die fotografische Darstellung des Stiftsschildes &#8211; \u00fcber den Verbleib nach 1945 ist bisher nichts bekannt. F\u00fcr die Zeitlosigkeit des damaligen Entwurfes spricht, dass das Wappen noch heute in dieser Form (nur leicht \u00fcberarbeitet) gef\u00fchrt wird.<\/p>\n<p>Bisher unbekannte Tr\u00e4ger des Namens SEWALD m\u00f6chten sich bitte direkt an die untenstehende \u201eFamilien Mail\u201c wenden &#8211; dort werden kostenfrei Kontakte und Infos zusammengef\u00fchrt.<\/p>\n<p>Da nicht alle Zusammenh\u00e4nge der Familienzweige und -ver\u00e4stelungen vorliegen, sind Hinweise auf Namenstr\u00e4ger aller Zeiten erw\u00fcnscht.<\/p>\n<p><a href=\"mailto:rs@schenkenburg.de\">rs@schenkenburg.de<\/a><\/p>\n","protected":false},"excerpt":{"rendered":"<p>Stiftsschild des Schutzvogtes Ulrich Sewald von der Schenkenburg (gest. 1451), Gepre\u00dfter Goldgrund auf Holz, DM 200 cm. Umschrift in gotischer Minuskel: Do man zalt von Xpi geburt m CCCC LI Jar hat lassen machen vogt ulrich sewald zer schenkenburg. Runder Schild, au\u00dfen einfache Kehle und Schnurleiste, Schrift und Mittelfeld des Schildes haben gemusterten und gepre\u00dften [&hellip;]<\/p>\n","protected":false},"author":1,"featured_media":0,"parent":6,"menu_order":0,"comment_status":"closed","ping_status":"closed","template":"page-templates\/full-width.php","meta":{"footnotes":""},"class_list":["post-43","page","type-page","status-publish","hentry"],"_links":{"self":[{"href":"https:\/\/schenkenburg.de\/index.php\/wp-json\/wp\/v2\/pages\/43","targetHints":{"allow":["GET"]}}],"collection":[{"href":"https:\/\/schenkenburg.de\/index.php\/wp-json\/wp\/v2\/pages"}],"about":[{"href":"https:\/\/schenkenburg.de\/index.php\/wp-json\/wp\/v2\/types\/page"}],"author":[{"embeddable":true,"href":"https:\/\/schenkenburg.de\/index.php\/wp-json\/wp\/v2\/users\/1"}],"replies":[{"embeddable":true,"href":"https:\/\/schenkenburg.de\/index.php\/wp-json\/wp\/v2\/comments?post=43"}],"version-history":[{"count":1,"href":"https:\/\/schenkenburg.de\/index.php\/wp-json\/wp\/v2\/pages\/43\/revisions"}],"predecessor-version":[{"id":133,"href":"https:\/\/schenkenburg.de\/index.php\/wp-json\/wp\/v2\/pages\/43\/revisions\/133"}],"up":[{"embeddable":true,"href":"https:\/\/schenkenburg.de\/index.php\/wp-json\/wp\/v2\/pages\/6"}],"wp:attachment":[{"href":"https:\/\/schenkenburg.de\/index.php\/wp-json\/wp\/v2\/media?parent=43"}],"curies":[{"name":"wp","href":"https:\/\/api.w.org\/{rel}","templated":true}]}}